46999 composite?
False
Is 48317201 a prime number?
True
Is 107331141 prime?
False
Is 305374439 composite?
True
Is 32050279 composite?
True
Is 181442029 a composite number?
False
Is 316257823 a prime number?
False
Is 2244277 prime?
False
Is 6343309 a composite number?
True
Is 34320131 prime?
False
Is 32798189 prime?
True
Is 18046397 a prime number?
False
Is 15566953 composite?
False
Is 8786107 a prime number?
False
Is 16882441 composite?
False
Is 1098961 composite?
True
Is 9251285 composite?
True
Is 33592661 prime?
False
Is 226151657 a composite number?
True
Is 11253433 a prime number?
True
Is 95869 a composite number?
False
Is 9458521 a composite number?
False
Is 57975941 prime?
True
Is 898231 a prime number?
True
Is 86923 a composite number?
False
Is 23744957 a composite number?
False
Is 28039481 prime?
False
Is 278023 a prime number?
False
Is 142709159 prime?
True
Is 24540169 a prime number?
True
Is 77107319 prime?
True
Is 179857 prime?
False
Is 151322663 prime?
True
Is 61414019 composite?
True
Is 638294603 prime?
True
Is 291650083 prime?
False
Is 78808307 a prime number?
True
Is 14077549 a composite number?
False
Is 66556669 composite?
False
Is 14660155 a prime number?
False
Is 155994271 a composite number?
False
Is 370178717 a prime number?
True
Is 4521217 composite?
False
Is 3585427 a composite number?
True
Is 42202123 a prime number?
True
Is 345488497 a composite number?
True
Is 9009893 composite?
False
Is 28174738 prime?
False
Is 9192229 a composite number?
False
Is 1216058 composite?
True
Is 15226217 a composite number?
True
Is 12550423 a composite number?
True
Is 679597 a composite number?
False
Is 9992977 a prime number?
False
Is 42923507 composite?
True
Is 2443073 composite?
True
Is 308558941 composite?
False
Is 251832853 a composite number?
False
Is 5250887 a prime number?
False
Is 1906855 composite?
True
Is 3643 a composite number?
False
Is 409379 composite?
False
Is 10210279 prime?
False
Is 216415853 composite?
False
Is 442746049 prime?
True
Is 237245447 a composite number?
False
Is 16332541 a composite number?
False
Is 328054901 prime?
True
Is 9630745 a composite number?
True
Is 120518317 prime?
False
Is 71222351 a composite number?
True
Is 6964921 composite?
False
Is 1541497 composite?
False
Is 246157634 a prime number?
False
Is 26499679 a composite number?
False
Is 97153253 composite?
True
Is 310483 prime?
False
Is 1202443 composite?
True
Is 10508923 prime?
False
Is 28056362 composite?
True
Is 755233 a composite number?
False
Is 1104959 composite?
False
Is 786755201 prime?
False
Is 1679241407 prime?
True
Is 193653217 prime?
True
Is 138928723 prime?
True
Is 4116379 a composite number?
True
Is 1593389 prime?
False
Is 509194943 composite?
True
Is 1366823 prime?
False
Is 43102707 composite?
True
Is 61741607 a composite number?
False
Is 9694951 a composite number?
True
Is 1530569 a composite number?
False
Is 65727373 a prime number?
True
Is 986903 composite?
False
Is 1655503 a composite number?
True
Is 748211 prime?
True
Is 26571637 prime?
True
Is 10890277 prime?
True
Is 19888933 a composite number?
True
Is 80037721 a composite number?
False
Is 25579997 composite?
True
Is 18270623 prime?
False
Is 994093423 a prime number?
False
Is 37337929 composite?
False
Is 7701713 a composite number?
False
Is 453527 prime?
True
Is 27569047 composite?
True
Is 2602438 a composite number?
True
Is 10057409 composite?
True
Is 1589771 prime?
True
Is 84431063 composite?
False
Is 11905037 a composite number?
False
Is 48831227 prime?
True
Is 32830031 a composite number?
True
Is 165101 a prime number?
False
Is 42043 a composite number?
False
Is 25233079 composite?
True
Is 186727837 prime?
True
Is 5203073 a prime number?
False
Is 189234043 a prime number?
True
Is 34398223 a prime number?
True
Is 33568861 a composite number?
True
Is 23420563 a composite number?
False
Is 5876371 a composite number?
False
Is 982411 prime?
False
Is 66573673 a prime number?
True
Is 2367329 a prime number?
True
Is 26859709 a prime number?
True
Is 11804593 composite?
True
Is 26170282 prime?
False
Is 10610099 prime?
True
Is 12246983 a composite number?
True
Is 12857771 prime?
True
Is 537087274 composite?
True
Is 277363 composite?
False
Is 877823 composite?
False
Is 2376419 a composite number?
False
Is 1581607 prime?
True
Is 9085359 a prime number?
False
Is 1547823 prime?
False
Is 1294939 prime?
True
Is 35183851 prime?
False
Is 1176104983 a composite number?
False
Is 161566787 composite?
False
Is 13751935 a composite number?
True
Is 561978463 composite?
False
Is 483787 a composite number?
False
Is 6720929 a composite number?
False
Is 26547439 a composite number?
True
Is 14727931 a prime number?
True
Is 3505727 a composite number?
False
Is 443155997 a prime number?
False
Is 12385447 prime?
True
Is 50186417 prime?
False
Is 1005840497 a composite number?
False
Is 21270809 composite?
True
Is 26635907 a composite number?
False
Is 3696541 composite?
True
Is 9024131 a composite number?
True
Is 456231277 a prime number?
False
Is 2865343 a composite number?
True
Is 43297081 a composite number?
False
Is 209789117 a composite number?
False
Is 16815514 a prime number?
False
Is 205935727 a prime number?
True
Is 546422963 a prime number?
True
Is 41981467 prime?
False
Is 5945089 a composite number?
False
Is 7999051 composite?
False
Is 11029559 a prime number?
True
Is 18974173 prime?
True
Is 199583 prime?
True
Is 24334249 a composite number?
False
Is 1686086 prime?
False
Is 9687281 a prime number?
True
Is 46512167 a prime number?
False
Is 435101 a prime number?
False
Is 17051839 prime?
False
Is 13244971 a composite number?
False
Is 10806959 a prime number?
True
Is 46318942 composite?
True
Is 673423 a composite number?
True
Is 7238503 composite?
False
Is 20036941 a prime number?
False
Is 51508907 a prime number?
True
Is 24405571 a composite number?
False
Is 11775403 a prime number?
False
Is 24114809 prime?
False
Is 871727 composite?
False
Is 1603471 prime?
True
Is 2161106 composite?
True
Is 8954419 prime?
True
Is 207304001 prime?
False
Is 2156593 composite?
True
Is 9374537 composite?
False
Is 646329 a prime number?
False
Is 470177171 a composite number?
True
Is 4252951 prime?
True
Is 5848781 composite?
False
Is 22074383 composite?
False
Is 4765289 composite?
True
Is 3231703 a prime number?
True
Is 1096093 a composite number?
True
Is 19273853 a prime number?
True
Is 11919343 a prime number?
False
Is 191701253 a prime number?
True
Is 5128751 a prime number?
True
Is 1287431 a prime number?
True
Is 3584279 prime?
False
Is 4780571 a prime number?
False
Is 620351 composite?
False
Is 87759851 a composite number?
False
Is 61741717 prime?
True
Is 360896719 prime?
False
Is 128570963 a prime number?
True
Is 96893 a composite number?
False
Is 112687 a prime number?
True
Is 439979 a prime number?
False
Is 6669233 a prime number?
True
Is 4046153 a composite number?
True
Is 18564743 prime?
False
Is 157524707 composite?
True
Is 2571871 a composite number?
False
Is 701274913 a composite number?
False
Is 4714409 a prime number?
False
Is 104593739 composite?
False
Is 4108627 prime?
True
Is 19674581 composite?
False
Is 6938891 prime?
True
Is 10293629 composite?
False
Is 429329 a composite number?
False
Is 239520245 a prime number?
False
Is 691553 a prime number?
True
Is 313939183 composite?
False
Is 55713193 prime?
True
Is 39924667 a prime number?
False
Is 11123041 composite?
True
Is 7156651 prime?
False
Is 29713399 prime?
False
Is 10147281 prime?
False
Is 3002161 a prime number?
True
Is 544213 a composite number?
True
Is 23952697 a composite number?
False
Is 10284535 a prime number?
False
Is 73871881 a prime number?
True
Is 294493 a composite number?
True
Is 2525749 composite?
False
Is 51265337 composite?
True
Is 31488503 a composite number?
True
Is 1729911 a composite number?
True
Is 165899 composite?
True
Is 758699 a composite number?
False
Is 1287583 a composite number?
True
Is 2075039 composite?
True
Is 30889021 a prime number?
False
Is 595787 a prime number?
False
Is 5483113 a prime number?
False
Is 4106617 a composite number?
False
Is 46842707 a composite number?
False
Is 6873487 prime?
False
Is 8489765 prime?
False
Is 8425855 a composite number?
True
Is 7226159 prime?
True
Is 27790337 prime?
False
Is 1417